or of 20 and i.
4
Let g(d) = d**2 + 7*d - 43. Let z be g(-19). Suppose -5*c - 80 = t - 2*t, -4*c = -3*t + z. Calculate the greatest common divisor of t and 11.
11
Let t = 269 + -174. Suppose -8 = -4*d + b, 2*d + b = 3*d - 2. Let p be d/(-2) + 20 + 0. Calculate the highest common factor of p and t.
19
Suppose -9*f = -4*f - 20. Suppose -u + 322 = 5*a - f*u, 0 = 4*a - 3*u - 260. What is the greatest common factor of 155 and a?
31
Suppose 2*b + 5*h - 16 = 0, 3*b - 3*h - 7 = -2*h. Suppose 0 = 2*s - b*s + 20. Let n = s - 15. Calculate the highest common divisor of n and 2.
1
Suppose -3*d = 2*d - 15. What is the greatest common factor of 5 and d?
1
Let i(w) = -8*w - 47. Let x be i(-8). Calculate the highest common factor of x and 697.
17
Let a = 127 + -332. Let l = a - -435. Calculate the greatest common divisor of 46 and l.
46
Suppose -5*v = -4*o - 81, 3*o + 0*o + 14 = v. Let b = 6 + -3. Let l be b/(-2)*(-374)/3. What is the greatest common factor of v and l?
17
Let p(b) be the first derivative of 15*b**2 + 5*b + 22. Let m be p(3). Calculate the highest common divisor of 19 and m.
19
Let w be (4 + 4)*1 - 4. Let o = 11 + -11. Suppose 0 = 4*l - o - 8. What is the greatest common divisor of l and w?
2
Let g = 1483 - 1051. What is the greatest common divisor of 27 and g?
27
Let t be (4 - (-336)/36)*12. Calculate the greatest common divisor of t and 10.
10
Suppose 3*a - 12 = 0, -3*h + 0*a - 4*a = -37. Let c = h - 2. Calculate the highest common divisor of c and 5.
5
Let s(l) = l**3 - 8*l**2 - 11*l + 32. Let g be s(9). Calculate the greatest common divisor of 133 and g.
7
Let l be 1*(-1 + (2 - -12)). Let y = -28 - -33. Suppose 0 = 3*c + y - 44. Calculate the highest common divisor of l and c.
13
Let b be (-1)/((-116)/(-39) + -3). Let v = b + -28. What is the highest common factor of 11 and v?
11
Let b be 39*9/(162/24). Calculate the greatest common factor of b and 2.
2
Let p = -1233 - -1273. What is the greatest common factor of p and 190?
10
Let o(b) = 2*b**2 + 21*b - 11. Let z(l) = -l**2 - 10*l + 5. Let v(f) = -6*o(f) - 13*z(f). Let t be v(-4). What is the highest common divisor of t and 2?
1
Let r(b) = -3*b**3 - 4*b**2 - 5*b + 2. Suppose -5*p + 19 = -q, q - 4*q - p = 9. Let f be r(q). Calculate the greatest common divisor of f and 6.
6
Let k(w) = 5*w**2 - 6*w**2 - 7*w - 6 + 9*w**2. Let y(n) = -3*n**2 + 4*n + 3. Let u be y(-1). Let d be k(u). Calculate the greatest common divisor of 15 and d.
15
Suppose -6*d - 1560 = -5*i - 3*d, i = -4*d + 312. Calculate the greatest common divisor of 24 and i.
24
Let o(v) = v**3 + 6*v**2 - 6. Let t be o(-5). Let a = 31 - t. Suppose -2*n - m = -24, 5*m + 2 - 14 = -n. Calculate the greatest common divisor of n and a.
12
Let s = 12 + -12. Suppose 3 + s = 3*g. Let c = g + 3. Calculate the greatest common factor of 16 and c.
4
Suppose -18*k + 528 = -12*k. Suppose -32 = 7*q - k. Calculate the highest common factor of q and 12.
4
Let q be 989/6 + 14/84. Calculate the greatest common divisor of q and 55.
55
Let l = -33 - -79. Suppose 0 = -6*z - 0*z + 36. Let i(x) = -x**3 + 6*x**2 + 5*x - 7. Let v be i(z). What is the highest common divisor of v and l?
23
Suppose 4*y - 64 = -2*n, -4*y + 7 = 3. What is the highest common factor of 48 and n?
6
Suppose 3860 + 32657 = 53*w. What is the greatest common factor of 13 and w?
13
Let l = -40 + 108. Let a be -1 + l + 72/(-18). Calculate the greatest common factor of a and 42.
21
Suppose 5*b + 74 - 349 = 0. Let h = 71 - b. What is the highest common factor of 8 and h?
8
Suppose -4*w + 0*t + 11 = -5*t, 0 = -t + 5. What is the greatest common factor of 27 and w?
9
Suppose 0 = -2*q - 4*z + 52, -2*z + 7 = -2*q + 41. What is the greatest common factor of q and 50?
10
Let m(z) = -z**2 + 15*z + 14. Let g be 4/5 + -1 + 66/5. Let a be m(g). Calculate the greatest common divisor of 16 and a.
8
Let f = 791 - 733. What is the highest common divisor of f and 1566?
58
Let h = -92 - -92. Suppose h = -3*f + 2*w + 24, -5 - 16 = -4*f - w. Calculate the greatest common factor of 54 and f.
6
Suppose 18*m + 4*r = 21*m - 12, -15 = -4*m + 5*r. Suppose 4*d = -m*d + 156. Calculate the highest common divisor of 65 and d.
13
Let p = 7 - 15. Let d be 1 + -2 - (-2 + 23). Let r = p - d. What is the greatest common divisor of r and 2?
2
Let h(c) = -c**2 - 14*c + 41. Let o be h(-15). Calculate the highest common divisor of 4 and o.
2
Let k(f) = f**2 - 4*f - 8. Let u be k(-2). Suppose -u*y + 42 = 2*y. Suppose -3*o - 1 = -w - 9, o - 1 = 2*w. Calculate the greatest common divisor of w and y.
1
Suppose -2*v - 2*v - 4*k + 32 = 0, -2*v - 5*k = -10. Let x = 9 - v. Let y be (-1)/x*(5 - 4). What is the greatest common factor of y and 9?
1
Suppose -g + 168 = -4*g. Let h be 1*-3 - g/8. Suppose h*r - 14 = 10. What is the greatest common divisor of 3 and r?
3
Let q be (6/(-15))/(204/(-200) + 1). What is the highest common factor of q and 540?
20
Let o(k) = 7*k**2 + 39*k + 1. Let s(f) = -10*f**2 - 58*f - 2. Let u(w) = -7*o(w) - 5*s(w). Let r be u(-17). Calculate the highest common factor of r and 27.
3
Suppose 3*n = -2*g + 268, 0*g - 84 = -n + 2*g. Suppose 2*k - n = -6. Calculate the greatest common factor of k and 287.
41
Suppose 4*t = -4*w - 2 - 2, 5*t = 3*w + 27. Suppose t*i - 5*l = 911, 277 = -0*i + i + 5*l. Calculate the greatest common factor of 27 and i.
27
Suppose l - 3*l = -z + 3, 0 = l - 1. Let u be z + (-332)/(-24) - 1/(-6). What is the highest common divisor of 209 and u?
19
Let o = 64 + 57. Let l = o + -46. Suppose -6*d = -l - 105. Calculate the greatest common divisor of 20 and d.
10
Let s(g) = 29*g + 153. Let t be s(-5). Suppose r - 37 = 4*k, 2*r - 7*r + 100 = -3*k. Suppose -b - r + 49 = 0. Calculate the greatest common divisor of t and b.
8
Let a(w) = w + 6. Let p be a(12). Let c be -18*9/(p/(-8)). Calculate the greatest common divisor of c and 18.
18
Suppose 4 = -3*c + 88. Suppose 0*i - 2*i = -c. Calculate the highest common divisor of 42 and i.
14
Suppose -b + 2*k = -4*b - 25, -48 = 4*b - k. Let m be b/2*(-14 - -12). What is the highest common divisor of m and 88?
11
Let a = 9 + -8. Suppose 2*r - a = 21. Let m be 3 - (-1 + 6) - 57*-1. Calculate the highest common factor of r and m.
11
Suppose -4*x = -9*x. Suppose x = -4*c + 3*c - 9. Let v be 3 + 3/c*0. What is the highest common factor of 9 and v?
3
Suppose 2*i + 10 = 0, 2*d - 56 = -9*i + 13*i. What is the highest common factor of d and 108?
18
Let d(u) = -5*u - 20. Let y(c) = -14*c - 62. Let o(z) = 20*d(z) - 6*y(z). Let h be o(-2). What is the greatest common divisor of h and 1?
1
Suppose -2*a = -6*a + 220. Let o(v) = -v + 47 + a + 0*v + 0*v. Let l be o(0). What is the highest common divisor of 68 and l?
34
Let b = -266 - -303. What is the greatest common factor of 148 and b?
37
Suppose -p = 1 - 6. Suppose -66 + 11 = -p*o. What is the greatest common factor of 1 and o?
1
Suppose 5*u - 181 + 36 = 5*f, 4*f - 39 = -u. What is the highest common divisor of 31 and u?
31
Let u be -18 + (1 - 1) + 0. Let r = -9 - u. Let t be (-1)/(((-1)/r)/1). Calculate the greatest common divisor of 72 and t.
9
Suppose -4*n = i - 734, 3*i - n - 2970 = -i. What is the highest common factor of 106 and i?
106
Suppose 4*m + 0 + 8 = 0, 2*i + m = 102. Suppose 14*j - 351 = -13*j. What is the greatest common factor of i and j?
13
Suppose -975 = -27*v + 2*v. Calculate the highest common divisor of v and 195.
39
Let r(n) = n**3 + n**2 - n + 82. Let d be r(0). Suppose -d - 26 = -6*z. What is the highest common factor of 72 and z?
18
Let q(c) = -2*c + 25. Let g be q(15). Let r be g/(5/2) - -32. Calculate the greatest common divisor of 330 and r.
30
Suppose -194 = 12*s - 2930. What is the highest common divisor of s and 12?
12
Let z = -319 - -359. Calculate the greatest common divisor of 64 and z.
8
Let y(s) = s**3 + 7*s**2 - 18*s - 66. Let t be y(-8). Calculate the highest common divisor of t and 154.
14
Let k be -13*(-2 - 2)/2. Suppose 0 = 7*b - 97 - 85. Calculate the greatest common divisor of b and k.
26
Let l(v) = -v**2 + 27*v - 18. Let m be l(24). Calculate the highest common divisor of m and 81.
27
Let y be ((-10)/6)/(-5 - (-84)/18). What is the greatest common divisor of 85 and y?
5
Let p(u) = u**2 - 5*u - 4. Let w be p(7). Suppose w*x - 4*x = 264. What is the greatest common divisor of x 